5
Evaluate -1 - (1 + 0 + -5 - -2).
1
Calculate (-1 - 9) + 6 + 12.
8
What is (-2 - -1) + (-9 - (-13 - -5))?
-2
Evaluate -4 + 1 - (-2 - (-4 + 0)).
-5
What is (-4 - (7 - 3)) + 2?
-6
(-3 - (-5 - 3)) + (-6 - -1)
0
Evaluate (-14 - -24 - (0 - -1)) + -5.
4
What is the value of -2 - (2 + -4 + 2)?
-2
What is (4 + 0 + -3 - -1) + 0?
2
What is (11 - 11) + 4 - 2?
2
Evaluate 6 - (12 + -16 - (-7 + -2)).
1
9 + (6 + -18 - -9)
6
What is the value of -4 + (6 - -1 - (3 - -7))?
-7
What is (-44 - -38) + 0 + -1?
-7
-10 - (3 - (-1 - -9))
-5
What is the value of 0 + (-2 - 6 - -6)?
-2
What is the value of (1 + -1 - -8) + (-52 - -46)?
2
What is (0 - 9) + 54 + -41?
4
Calculate -4 - (0 + 5) - 1.
-10
What is 2 + 2 - (19 + -14 + 8)?
-9
What is the value of (1 - (-6 + 1)) + -3?
3
Calculate (19 - 16) + (4 - -1).
8
(-11 + 2 + -3 - -5) + 6
-1
Calculate (-8 + 7 - 3) + 8 + 7.
11
What is 3 + -9 + 14 + -9 + 2?
1
Calculate 3 + -3 + (10 - 1 - 1).
8
-6 - (0 + 3 + -14)
5
1 - (2 - 4) - -2
5
What is -5 + (4 - 0 - -1 - 4)?
-4
What is 2 + -6 + -1 + 5?
0
Calculate -13 - (2 - 10) - -4.
-1
What is 0 + 4 - (12 - 8) - -3?
3
What is 9 - (-5 - (3 - (17 - 8)))?
8
-1 - (4 + (0 - 4) + 4)
-5
7 + -8 - (-1 - -4)
-4
Calculate (-7 + 2 - -3) + -1 + 8.
5
Calculate -6 - ((-5 - -1) + -1).
-1
What is the value of -2 + 2 + -1 + (-1 - 0)?
-2
1 + -3 + -2 - -6
2
Calculate (-13 - 5) + 12 + (-1 - -12).
5
Evaluate 0 + -7 + 9 - -2.
4
-1 + (-2 - 2) + 2
-3
10 + (-13 - (-7 + 1))
3
Calculate -2 + 16 - (-30 - -40).
4
What is 3 - (9 + -10) - 10?
-6
What is -4 + -1 + (-1 - 2) - -3?
-5
What is 0 + -6 - (-61 + 50)?
5
(0 - -2) + -6 + (-4 - -7)
-1
What is the value of 1 + 2 + -10 + 11 + 0?
4
-19 + 3 - (-2 + -6)
-8
(-2 - -8) + -2 - -1
5
Calculate 1 - (-2 - -2) - 2 - -3.
2
Calculate -4 - (2 + 7 - 13).
0
Calculate -4 + 3 - (2 - 0).
-3
-1028 + 1023 - (1 + (1 - 5))
-2
-1 + 4 + -1 + -4
-2
(-13 - (-6 + 1)) + 7
-1
Evaluate -3 + (-3 - -8) + (-1 - -1).
2
Evaluate -25 - -31 - (3 - 1).
4
Calculate -177 + 180 - (1 + (8 - 0)).
-6
Calculate -9 - -1 - (13 + -8 - 8).
-5
Evaluate (-2 - (3 - 3)) + 6.
4
What is -7 - ((10 - 12) + -10)?
5
Calculate 3 + (-3 - (0 + 3)).
-3
Evaluate (-11 - (-5 - -1)) + 6.
-1
What is the value of 10 + (2 - (6 - (-6 + 5)))?
5
What is 7 - (69 + -64 + (1 - 6))?
7
1 + 4 + 2 - (-1 + 13)
-5
Calculate 12 + 0 + (-8 - 14 - -19).
9
Calculate (-4 - (-2 + -4)) + 0 + 2.
4
What is the value of -1 - ((-8 - (-8 + 7)) + 1)?
5
What is -4 - (0 - (4 + 0 + -2))?
-2
What is 3 - (1 - 0) - (0 - -2)?
0
Evaluate -8 + (-14 - -11 - -16).
5
68 + -63 - (11 - 0)
-6
66 + -58 - (-1 - 1)
10
What is the value of 3 + (-2 - (6 - 1))?
-4
What is the value of 5 + -12 + 1 + 7 + 0?
1
What is 2 + 3 + (-11 - 1)?
-7
Calculate (8 - 6 - 3 - -3) + -7.
-5
Calculate (5 - -1) + -6 + -2.
-2
What is -1 + (-4 - (-9 - (-9 + 4)))?
-1
1 - -3 - (-20 - -25) - -4
3
What is the value of 19 + (-6 - 1) + -6?
6
What is the value of (4 - (14 + -7)) + 1?
-2
What is 4 - (7 - -2) - -7?
2
0 - (-6 - (4 - (-4 - -12)))
2
(2 - (-3 - -5)) + 4
4
(5 - 5) + -4 + (4 - 8)
-8
What is (2 - (-3 - 2)) + -2?
5
2 - (2 - (11 + -4 - 1))
6
What is the value of -12 - (4 - (1 + 6))?
-9
What is (65 - 68) + (-1 - -2 - 0)?
-2
(-1 - (-5 - 0) - 1) + -1
2
What is the value of (-3 - -1) + (5 - 8) + 2?
-3
What is the value of -1 + (-19 - -11) + (-2 - -7)?
-4
13 - 12 - (-4 + 3)
2
What is the value of -1 + 11 - (-42 + 48)?
4
What is the value of 5 + (-1 - 1) - (-1 - -1)?
3
2 + -16 + (16 - 9)
-7
Evaluate 8 + (-2 + -1 - 1).
4
What is the value of -1 + (7 - (1 + 7))?
-2
What is -1 - (-10 - (-1 + -13 - -7))?
2
What is the value of 10 - (19 - (6 + -3))?
-6
What is -4 - 1 - -8 - 5?
-2
Calculate -7 + (-1 - 4) + (8 - -2).
-2
Calculate 0 + -5 + -5 - -7.
-3
3 - 0 - 1 - 3
-1
Calculate 5 - 0 - (0 - -5) - -4.
4
(11 - 2) + -5 + -8
-4
What is (4 - -1) + 44 + -52?
-3
(0 - 0 - -5) + -3
2
1 - (-2 + 8 + -7) - 4
-2
(0 - (6 + -10)) + 2 + -7
-1
(-6 - -11) + -6 + 2
1
-2 + -2 - (-7 + -3 + 2)
4
What is -12 - ((2 - 3) + -6)?
-5
4 + 3 + -4 - 4
-1
Calculate -15 - (-3 - (8 + -11 - -5)).
-10
Evaluate -1 + 3 + -10 + -2 + 6.
-4
4 - (3 + 0 + 2 + 0)
-1
What is (1 - (6 + -2) - -2) + 1?
0
Calculate (0 + -1 - -3) + -11 + 13.
4
What is -12 + 8 - 2 - (-6 + 2)?
-2
Evaluate (-4 - 0) + 43 + -43.
-4
Evaluate -5 - (-5 + 0 - 3).
3
What is -3 - ((3 - 2) + -7)?
3
-2 - -11 - 12 - -2
-1
Calculate 5 - (-2 - (-5 - 2 - -5)).
5
3 - ((5 - 6) + 2)
2
What is the value of -5 - -1 - (0 - 0)?
-4
Calculate 0 + 4 - (-1 - (6 - 6)).
5
Calculate 5 - (5 - -3) - -1 - -3.
1
Calculate 6 - (-11 - -15 - -6).
-4
Calculate (4 - (1 - 2) - 0) + -1.
4
-4 + 1 + (-6 - -16)
7
Evaluate -2 + 9 + (0 - 7).
0
What is the value of (-18 - -3) + (7 - 3) + 3?
-8
What is 2 - (-2 - (-12 - (-6 - -2)))?
-4
Evaluate 3 - 4 - -3 - -1.
3
(1 - (-15 - (-1 - 6))) + -2
7
What is the value of 5 + (-9 - -2) + 8?
6
What is the value of 2 - 2 - 3 - 1?
-4
-2 + 10 + -12 + 7 + 1
4
Calculate -4 - (0 - (-3 - -2)).
-5
What is the value of (-1 - (5 + 8)) + 13?
-1
What is -9 - -6 - (-14 + 4)?
7
Evaluate 210 - 212 - (-1 + 0 + -6).
5
What is -7 + (-25 - -12 - -25)?
5
What is -4 - -6 - ((-1 - -2) + -3)?
4
What is (-39 - -41) + (-1 - 4)?
-3
Calculate (-4 - 3) + -2 - (0 - 3).
-6
Calculate 1 + 4 + -9 + 2.
-2
Calculate -5 + (5 - (-5 + 5)).
0
What is the value of -5 + 3 + -1 - -4?
1
-7 - (-11 + 0 - (29 - 36))
-3
What is 6 + (-3 - (3 + -2) - 0)?
2
(-3 - -3) + 1 + 13 + -7
7
(5 - 0) + -3 + 0
2
(3 + -7 - -6) + -4 + 1
-1
Evaluate 7 + -9 + -1 - 1.
-4
What is the value of 0 + -2 + 3 + -3 - -4?
2
Calculate 10 + 3 + -11 - (1 - -8).
-7
What is (-12 - -19) + (-1 - 16)?
-10
Evaluate -1 + ((-2 - 3) + 4 - 1).
-3
-27 + 26 + (2 - 5)
-4
What is the value of -6 + 22 - (-3 + 12)?
7
What is (-4 - 1) + (-6 - -10)?
-1
25 + -29 - (2 + 0)
-6
What is the value of -4 - (-3 - 4) - 1?
2
What is the value of -6 + (4 - (4 + -3))?
-3
-1 + 0 + 3 + 1 + 1
4
-3 + (5 - 0 - 2)
0
Evaluate 6 + -2 + -4 + (2 - -3).
5
What is the value of 6 - (4 + (6 - 5))?
1
What is -2 - (-4 - (2 - 6))?
-2
What is the value of 2 + 44 + -38 + 0 + -3?
5
Calculate -1 - 3 - (-4 + 2).
-2
Calculate 2 + -3 + (4 - (-1 + 2)).
2
(-1 - -3) + (60 - 72)
-10
What is -6 + (-10 - (-6 - 6))?
-4
Calculate -99 - -98 - (-3 - 1).
3
Evaluate -6 - -1 - (143 - 144).
-4
What is the value of (0 + -1 - -2 - 3) + 7?
5
-2 + 3 + -3 + 4 - 0
2
What is the value of (-3 - (11 - 4)) + 6?
-4
What is the value of (1 - 13) + -102 + 106?
-8
What is the value of 3 + 0 + (-2 - -4)?
5
What is 5 - (-6 - (4 - 14))?
1
What is the value of -8 + 10 + 1 + 1?
4
Evaluate -8 + 9 + 9 + -8.
2
What is the value of -7 - (3 - 4) - -6?
0
Calculate -3 + 5 + -7 - -7.
2
7 + (2 - 7) - 0
2
What is (-1 - (-2 - (4 - 4))) + 1?
2
What is -3 - (1 - ((-2 - -5) + 0))?
-1
What is the value of -2 - 0 - (-12 + 11)?
-1
5 + -5 + (4 - 0)
4
-10 + 14 - (0 - 0)
4
Calculate (-1 - (-15 + 6)) + -6.
2
Calculate 0 + (3 + -1 - (1 + 1)).
0
Evaluate -3 - -1 - (7 - (9 - 2)).
-2
-5 - -3 - (-7 - -1 - -3)
1
Evaluate 0 + -1 + (150 - 146).
3
What is the value of 61 - 56 - (1 + 7)?
-3
What is the value of 4 - ((3 - 3) + -3) - -3?
10
Evaluate -12 - ((-6 - -3) + 2).
-11
What is the value of (4 - (0 - (0 + 4))) + -3?
5
What is the value of 1 - (2 - (-9 + 4) - 1)?
-5
What is the value of (-1 - -3) + -2 - 6 - -5?
-1
Evaluate (3 - 0) + 0 + -5 - 2.
-4
What is the value of 33 + -44 + (6 - -1)?
-4
What is the value of 4 + (-34 - -25) + -1 + -3?
-9
(-1 - -5) + (-6 - -3)
1
What is 1 - 3 - (-82 - -80)?
0
-7 + 4 - (10 + -5)
-8
What is the value of 4 + (-7 - -6) - (-4 - 1)?
8
Calculate -18 + 1 + 9 - (-4 + 1).
-5
Evaluate 1 + -4 - (-41 - -39).
-1
What is (-19 - -17) + 1 + -4 + 0?
-5
What is 4 + 2 + (0 - (-1 - -1))?
6
What is 0 - (3 + 4 + -3 + 0)?
-4
What is the value of -3 + 0 + 16 + (-15 - -9)?
7
What is (-10 - (1 + -4)) + 7?
0
(23 - 35) + 3 + 1
-8
Evaluate -8 + (7 + 9 - 4).
4
What is the value of 24 + -17 - (2 + -1 - -3)?
3
What is the value of (-6 - -3) + -2 + 0 + 3?
-2
What is the value of (11 - 12) + (1 - (1 - 2))?
1
Evaluate 7 - ((6 - -1) + (5 - 4)).
-1
(-2 - 0) + 6 + -3
1
What is the value of -5 + 3 + 1 + 1?
0
Evaluate 4 + (-4 - 5) + 2.
-3
What is the value of 5 - (2 - (1 + 1) - -5)?
0
Calculate -4 + (22 - 3 - 6).
9
Calculate (-8 - -5) + 0 + 3.
0
Calculate 5 + (5 - 4) - 2.
4
What is -42 + 41 + (5 - (1 + -2))?
5
Calculate 20 + -20 - (-1 - (-1 + 2)).
2
Evaluate (0 - -5) + -44 + 32.
-7
1 